its digit of y?
9
Let p(b) = 3*b - 5*b**2 + 9*b + 7*b**2 + 30. What is the tens digit of p(-9)?
8
Suppose 62*r = 66*r - 1204. What is the units digit of r?
1
Let q(m) = -m**2 + 3*m + 5. Let p be q(5). What is the tens digit of 3864/35 - (-2)/p?
1
Suppose -15*s = -3113 + 593. What is the units digit of s?
8
Let t be (2/(-3))/(6/(-1017)). Suppose 5*w + n - t = 97, -3*w + 4*n = -126. What is the tens digit of w?
4
Let w(d) = 13*d**2 + 21*d - 23. Let b(t) = -6*t**2 - 10*t + 12. Let x(j) = -7*b(j) - 3*w(j). What is the tens digit of x(-7)?
8
Suppose 2*t = -3*t + 4*y + 2292, 5*y + 1383 = 3*t. What is the hundreds digit of t?
4
Suppose m + 0*z = -z + 46, -2*z - 88 = -2*m. Let t = m - -48. What is the units digit of t?
3
Let w be (-10)/(((-36)/(-6))/6). What is the tens digit of (126/w + -1)/(19/(-95))?
6
Suppose 5*a = -39*a + 109604. What is the units digit of a?
1
Suppose -3*j + l + 4*l + 611 = 0, -l + 5 = 0. Let f = -107 + j. What is the units digit of f?
5
Let q(g) = -11 + 2*g**2 - 4*g + 11. Let o = 6 - 1. What is the tens digit of q(o)?
3
Suppose -48 = 4*c - 4*r, 4*c + 51 = 5*r - 2*r. Suppose 0 = -5*p - 0*p + 125. Let g = c + p. What is the tens digit of g?
1
What is the tens digit of (0 - -15)*6/5?
1
Let t = 1 + 4. Suppose 0 = -t*o + 3*o. Suppose o = -2*g + 4*m + 4, g = -0*m - 4*m + 14. What is the units digit of g?
6
Suppose -591 - 222 = -3*a. What is the hundreds digit of a?
2
Suppose -c + 4*c = -4*c. What is the units digit of ((-7)/(-14))/(c - (-2)/8)?
2
What is the units digit of (3 - 1) + -6 - (17 + -974)?
3
Let p(w) = w**2 - 2*w + 4. Suppose 67 = 2*h + 5*s, 0*s + 47 = 2*h + s. Let y be (-9)/h + (-93)/(-21). What is the tens digit of p(y)?
1
Let r(z) = z**2 - 22*z + 12. Let s be r(21). Let f(a) = -7*a - 35. What is the tens digit of f(s)?
2
Let m(z) = z**3 - z**2 - 21*z + 3. Suppose -2*d + 8*d - 36 = 0. What is the units digit of m(d)?
7
Suppose -3*r + 16 = -2. Suppose -42 = r*z - 270. What is the units digit of z?
8
Suppose -27 + 67 = -4*t - 4*u, 2*u = -4*t - 38. Let j(l) = 2*l + 12. Let h be j(t). What is the tens digit of (43/5)/(h/(-30))?
4
Let v(n) = -57*n - 17. Let s(h) = h. Let y(a) = -4*s(a) + v(a). What is the hundreds digit of y(-3)?
1
Suppose 79*b - 3675 = 54*b. What is the units digit of b?
7
Let l(g) = -3*g + 7. Let s be l(4). What is the units digit of 312/20*s/(-2)?
9
Suppose 0 = l - 3*t - 2135, t + 2015 = -3*l + 8370. What is the thousands digit of l?
2
Suppose -1 = -3*q - 4. Let j(f) = 30*f**2 + 1. Let l be j(q). Suppose l = g - 4. What is the tens digit of g?
3
Let q = 452 + -394. What is the tens digit of q?
5
Suppose 9*d = 1087 + 2648. What is the tens digit of d?
1
Suppose -7*r = -11*r - 8. What is the units digit of (17/r - 3)*-12?
8
Let b = 22 - 19. Suppose -4 = -4*c + 8*c, -4*g + 97 = b*c. What is the units digit of g?
5
Suppose 3*o + 173 = -5*h, -94 = 4*o + h + 114. Let j = 65 + o. What is the units digit of j?
4
Let k be (-16)/(-88) - (-1586)/(-11). Let p be (-2)/(-9) - 544/k. Suppose -v - 3*q = -p - 29, -2*q + 162 = 4*v. What is the tens digit of v?
4
Let m = -1341 - -3433. What is the thousands digit of m?
2
Suppose 17*k - 62 - 17788 = 0. What is the units digit of k?
0
Let s = 3 + -3. Suppose s = -3*r + 390 - 18. What is the units digit of r?
4
Let l = 186 - 341. Let c = 299 + l. What is the units digit of (12/(-18))/((-2)/c)?
8
Suppose -5*c - 98 = -288. Suppose c*s - 36*s = 96. Suppose -x - s = -4*x. What is the units digit of x?
6
Suppose -4*z + 3*s = -2683, 5*s + 1331 = -3*z + 5*z. What is the units digit of z?
3
Let h = 24 + -26. What is the units digit of ((-39)/(-6) + h)/((-9)/(-168))?
4
Let j(z) = -z + 23. Let n be j(19). Suppose 0 = -2*f - n*f + 24. What is the units digit of f?
4
Let n be 4/7 - 3458/49. Let x be (72/30)/(3/n). What is the units digit of (-127)/(-4) - 14/x?
2
Let s(y) be the third derivative of y**4/8 - 5*y**3/2 + 3*y**2. Let f be s(11). What is the units digit of ((-8)/3)/((-6)/f)?
8
Let r be (-5)/(-60)*15*12. Let p(g) = 2*g**2 - g - 1. Let x be p(3). What is the units digit of 64/x + r/35?
5
Suppose -19*s - 18377 = -42*s. What is the hundreds digit of s?
7
Let q = 91 - -352. What is the units digit of q?
3
Let t(l) = l + 6. Let h be (-8)/(-2*(-2)/6). Let n be t(h). What is the units digit of (-8)/4*141/n?
7
Let m = 12 + 2. Let g(j) = -21*j**3 - 2*j**2 - j. Let v be g(-2). Suppose -v = -4*b - m. What is the tens digit of b?
3
Let l(v) = -v - 1. Let b(o) = o**3 - 4*o**2 + 7*o - 1. Let t(g) = b(g) + 2*l(g). Let h be t(3). What is the tens digit of h + -1 - 82/(-2)?
4
Suppose -2*u - 5 = -3*u. Suppose u*d - 182 = -a, -5*a = -2 - 8. What is the tens digit of (-346)/(-8) + d/48?
4
Let z be -3 + (10 - -3) + -4. Suppose 4*x + 15 = 5*d, d = -x + z*d. Let a = x + 23. What is the units digit of a?
8
Let p = -39 + 2907. What is the thousands digit of p?
2
Let c(m) = -5*m**2 - 10*m + 70. Let t(s) = s - 7. Let z(b) = -c(b) - 10*t(b). Suppose 0 = 3*p + 2*k + 4, -2*p + 4*k - 3 = 5. What is the tens digit of z(p)?
2
Suppose 0 = -3*d + 5*d - 8. Suppose -d*c + 16 = 4. Suppose -4*a = -c - 33. What is the units digit of a?
9
Suppose 0 = 10*t - 14*t + 20. Let l(g) = g**2 - 4*g + 16. What is the tens digit of l(t)?
2
Let p(s) = -s**2 - 12*s + 13. Let t(z) = z**2 + 11*z - 13. Let r(n) = 4*p(n) + 5*t(n). Let w be r(-7). Let c = 33 + w. What is the units digit of c?
0
Let b(s) = -4 - 4*s**2 - 10*s + s + 0*s + 5*s**2. What is the units digit of b(12)?
2
Let v(l) = 46*l + 175. What is the units digit of v(55)?
5
Let s(k) = k**2 + 16*k + 15. Let w be s(-15). Suppose -2*i - 2*i + 52 = w. What is the units digit of i?
3
Suppose 0 = 3*o - 246 - 828. What is the hundreds digit of o?
3
Let k(p) = -p**2 - 16*p + 12. Suppose 0 = -8*l + 3*l - 55. What is the tens digit of k(l)?
6
Suppose 2*t = 3*s - 8*s - 333, -2*t + 4*s - 360 = 0. Let y = t - -115. Let r = -1 - y. What is the tens digit of r?
5
Suppose 0 = 5*t + 4*f + 9 - 325, 220 = 4*t - 5*f. Let d = t + -27. What is the tens digit of d?
3
Suppose 3*c - 5 = 10. Let z(q) = 0 - 3 + q + 3*q - c. What is the units digit of z(8)?
4
Let r(n) = n**3 - 8*n**2 + 2*n - 1. Let w be r(8). Let d be 108/5 - 9/w. Let v = d + -11. What is the tens digit of v?
1
Suppose 0 = -g - 1, 0*k + 6 = k + 5*g. Let v(c) = c**2 + 31*c + 59. Let x be v(-29). Let d = k - x. What is the units digit of d?
0
Let g(x) = 723*x**2 + 7*x + 8. What is the tens digit of g(-1)?
2
Suppose 0*l + 1152 = 6*l. What is the tens digit of l?
9
Suppose -4*w + 8 = 4*s, 2 = 3*w + 6*s - s. Suppose w*x = 4 - 52. What is the tens digit of 8/x*(-90)/4?
1
Let s(g) = -82*g - 9. Suppose -4*j + 26 = -2*q, -2*j = -7*j + 25. What is the units digit of s(q)?
7
Let d be (-19)/38 - (-38)/4. Suppose d*c - 1917 - 693 = 0. What is the hundreds digit of c?
2
Let r(o) = -o**3 + o**2 - o - 2. What is the tens digit of r(-4)?
8
Suppose -42739 = -93*d + 11387. What is the hundreds digit of d?
5
What is the units digit of ((-8)/(-5))/((-14)/(-13335)) - -1?
5
Let q = 967 - 141. What is the tens digit of q?
2
Let n = -19 - -23. Suppose 4*g - 8 = n*t + 112, g - 18 = -5*t. Suppose 0 = 4*o + s - 133, -197 = -5*o - 4*s - g. What is the units digit of o?
3
Let k = -62 + 66. Suppose 5*r - 5*o + o - 486 = 0, 0 = k*r + 2*o - 394. What is the units digit of r?
8
What is the units digit of (2 - 145/20)/((-3)/264)?
2
Suppose -3*t + 4 + 5 = 0. Suppose 0 = -t*l + 3*m + 6, 4*l = -0*m - 5*m + 17. Suppose d = 5*r - 3*d - 48, l*r = -2*d + 20. What is the units digit of r?
8
Let y(r) = -4*r - 21. Let o be y(-6). Suppose -4*d - o*x - 105 = -7*d, 4*d = x + 137. What is the units digit of d?
4
Let g = 4219 - 2034. What is the hundreds digit of g?
1
Suppose 3*z - 777 = -z + b, 0 = 3*z - 2*b - 584. What is the tens digit of z?
9
Let u(t) = 66*t**2 + 4*t - 19. What is the thousands digit of u(5)?
1
Let b = -354 + 164. Let d be 2/19 - (-780)/b. Let j = 14 + d. What is the units digit of j?
0
Let i = -266 + 403. What is the hundreds digit of i?
1
Suppose -5*d + 4880 = -3*w + 5*w, -3904 = -4*d - 4*w. What is the tens digit of d?
7
Let n(i) = -2*i - 30. Let p be n(-11). What is the tens digit of p/(-12) + (-1655)/(-15)?
1
Let y be (-1)/(-8) - (-7 + (-68)/(-32)). Let t(f) = 3*f**3 - 5*f**2 - 7*f + 1. What is the tens digit of t(y)?
1
Let a(j) = -2*j - 2. Let k be a(-2